{"id":3404,"date":"2022-09-26T09:42:00","date_gmt":"2022-09-26T07:42:00","guid":{"rendered":"https:\/\/www.bathplosion.at\/shop\/?post_type=product&#038;p=3404"},"modified":"2024-01-30T09:05:19","modified_gmt":"2024-01-30T08:05:19","slug":"blubberstaub","status":"publish","type":"product","link":"https:\/\/www.bathplosion.at\/shop\/produkt\/blubberstaub\/","title":{"rendered":"Blubberstaub"},"content":{"rendered":"","protected":false},"excerpt":{"rendered":"<p>Blubberstaub l\u00e4d zum Experimentieren ein. Egal ob mit den L\u00f6ffel in die Badewanne oder einen Vulkan machen und Wasser dar\u00fcber sch\u00fctten. Der Blubberstaub regt die Fantasie an, sch\u00e4umt in tollen Farben und erf\u00fcllt den Raum mit feinem Duft.<\/p>\n","protected":false},"featured_media":3405,"comment_status":"open","ping_status":"closed","template":"","meta":{"_acf_changed":false},"product_brand":[],"product_cat":[47,60,34],"product_tag":[],"class_list":{"0":"post-3404","1":"product","2":"type-product","3":"status-publish","4":"has-post-thumbnail","6":"product_cat-kinder-lieblinge","7":"product_cat-kosmetik","8":"product_cat-badebomben","10":"first","11":"instock","12":"shipping-taxable","13":"purchasable","14":"product-type-simple"},"acf":[],"jetpack_sharing_enabled":true,"_links":{"self":[{"href":"https:\/\/www.bathplosion.at\/shop\/wp-json\/wp\/v2\/product\/3404","targetHints":{"allow":["GET"]}}],"collection":[{"href":"https:\/\/www.bathplosion.at\/shop\/wp-json\/wp\/v2\/product"}],"about":[{"href":"https:\/\/www.bathplosion.at\/shop\/wp-json\/wp\/v2\/types\/product"}],"replies":[{"embeddable":true,"href":"https:\/\/www.bathplosion.at\/shop\/wp-json\/wp\/v2\/comments?post=3404"}],"wp:featuredmedia":[{"embeddable":true,"href":"https:\/\/www.bathplosion.at\/shop\/wp-json\/wp\/v2\/media\/3405"}],"wp:attachment":[{"href":"https:\/\/www.bathplosion.at\/shop\/wp-json\/wp\/v2\/media?parent=3404"}],"wp:term":[{"taxonomy":"product_brand","embeddable":true,"href":"https:\/\/www.bathplosion.at\/shop\/wp-json\/wp\/v2\/product_brand?post=3404"},{"taxonomy":"product_cat","embeddable":true,"href":"https:\/\/www.bathplosion.at\/shop\/wp-json\/wp\/v2\/product_cat?post=3404"},{"taxonomy":"product_tag","embeddable":true,"href":"https:\/\/www.bathplosion.at\/shop\/wp-json\/wp\/v2\/product_tag?post=3404"}],"curies":[{"name":"wp","href":"https:\/\/api.w.org\/{rel}","templated":true}]}}